 number?
False
Let s(f) = -570*f + 25. Let d(u) = 114*u - 5. Let h(w) = 11*d(w) + 2*s(w). Is h(2) a composite number?
False
Let q(p) = -10960*p - 9. Is q(-1) a composite number?
True
Suppose -4*a = -79909 - 40167. Is a a composite number?
True
Suppose -2 = -2*q + 4*l + 2, 4 = -4*q + 4*l. Is (1*358/q)/((-3)/66) composite?
True
Let u(x) = -16*x**3 - 9*x**2 - 2*x + 16. Suppose -13*z + 2*z - 55 = 0. Is u(z) a composite number?
False
Is (-995736)/(-30) + 2/(-10) a composite number?
False
Suppose -40 = -3*l + 89. Suppose 2*m + l = 7*m + 3*y, 2*m + 3*y - 10 = 0. Suppose 2*i - 4*c - 238 = 0, 4*c + m - 27 = 0. Is i a composite number?
False
Let a = -371 + 538. Suppose 2 + 2 = 2*f. Suppose 131 = f*u - a. Is u a prime number?
True
Suppose d - 32 = 5*l, -d - 3*d + 2 = -2*l. Let w(n) = 26*n**2 + 2*n + 7. Is w(l) a prime number?
False
Suppose -3*k - 4079 = -8*w + 3*w, 0 = 2*w + 4*k - 1642. Is w prime?
False
Let s(z) = 4*z - 5. Let x be s(2). Let r be ((-6)/(-6))/((-2)/(-490)). Suppose -x*v - r = -2*l + 62, -l + 5*v + 136 = 0. Is l a composite number?
True
Suppose 33*x - 2*a - 70041 = 32*x, 350275 = 5*x + 4*a. Is x a composite number?
False
Suppose 5*j - 50 = -0*j. Is (-3508)/j*50/(-20) a composite number?
False
Suppose 5*w + 0*h - h - 893 = 0, -4*w - 2*h + 706 = 0. Suppose -5*o + 167 + w = 0. Is o composite?
True
Let c(d) = -121*d + 180. Is c(-17) composite?
False
Suppose 5*c + 8 - 28 = 0. Suppose c*k - 28 - 312 = 0. Is k composite?
True
Suppose 3*y = -u - 348, -5*y + 4*u = 9*u + 580. Let b = y + 707. Is b composite?
True
Suppose -13*r = -5871 - 26811. Let w(v) = v + 1. Let n be w(4). Suppose -g - n*g + r = 0. Is g a composite number?
False
Suppose 7*z - 6*z = -2. Is -4 + z + 1355/5 prime?
False
Suppose -275 = -f + 2*f. Suppose 4*k = -s - k - 186, -2*s + k - 328 = 0. Let d = s - f. Is d prime?
True
Let d(t) = -469*t - 17. Let i be d(-10). Let s = -3274 + i. Is s prime?
True
Let z(i) = i - 5*i - 50 + 40*i + 5*i. Is z(15) a composite number?
True
Let q = 1460 + -399. Is q composite?
False
Let c(j) = -20*j**3 + j**2 - 5*j. Let a be c(-4). Let s = 652 - a. Is (-1 + 0)*s/8 a prime number?
True
Let h(p) = 13*p**2 + p + 25. Let m(n) = n**2 - 1. Let o(d) = h(d) - 5*m(d). Is o(11) a composite number?
False
Suppose -4*w = -5*r - 115049, -25*r = -4*w - 28*r + 115041. Is w prime?
False
Let y(f) = -f**3 + 3*f**2 - 2*f + 2. Let j = -10 + 12. Let t be y(j). Is (7 - 3)*67/t a composite number?
True
Let s = -53 - -74. Let k be 51*7/(s/18). Let d = k - 179. Is d a prime number?
True
Let a = 15198 - 6847. Is a prime?
False
Suppose -d + 3*d = 2*q + 10, 0 = -2*q - 5*d - 24. Let i(m) be the third derivative of 2*m**5/15 - 7*m**4/24 - 2*m**3/3 - 7*m**2. Is i(q) prime?
False
Let b = -251 - -141. Let w = 3 - b. Is w a prime number?
True
Let f(j) = -9*j + 1. Let m(a) = -a**2 + 5*a. Let n be m(4). Suppose n = 3*v - 5*v. Is f(v) composite?
False
Let d = -23782 + 40019. Is d a composite number?
True
Suppose -p + 0*p - 5*g = -805, 0 = g - 2. Suppose 120 = 3*j - p. Is j a composite number?
True
Suppose 571 + 1108 = g. Let w = 3102 - g. Is w prime?
True
Let s = 4 - -1. Let u = -20 + s. Is (-158)/(-3) - 5/u a prime number?
True
Let y = 3282 + 6355. Is y composite?
True
Let q be ((-111)/(-2))/(2/(-36)). Let p = -508 - q. Is p prime?
True
Let w be (9/2 + -4)/((-1)/(-2)). Is 61 + 2 - (-5 + w) composite?
False
Let l = -216 - -377. Suppose 0 = -o - 4*s + 88 + l, -s + 1245 = 5*o. Is o prime?
False
Let b(u) = 14*u**3 - 13*u - 19. Let k(w) = 7*w**3 - 6*w - 10. Let s(a) = -3*b(a) + 5*k(a). Is s(-4) a prime number?
True
Is (1637/(-2))/(6/(-24)) prime?
False
Let u = -13 - -16. Let l be ((-86)/6)/(13/(-78)). Suppose 3*s - 139 = -4*v, -s + u*s - l = -4*v. Is s a composite number?
False
Let r be ((-2)/2)/((-4)/52). Let v(i) = 17*i + 36. Is v(r) prime?
True
Let a(w) = 2*w**2 + 9*w - 10. Let o be a(-7). Suppose 5*d = -3*y + 5627, -o = -d + 6*d. Is (-4)/14 - y/(-28) composite?
False
Suppose 3*m - b - 2 = 2*m, -2*b - 22 = -5*m. Let y(c) = 8*c - 9. Let j(r) = -33*r + 36. Let p(q) = 5*j(q) + 21*y(q). Is p(m) composite?
True
Let v(p) = -p**2 + 3. Let n be v(0). Suppose -i - 502 = -n*i. Is i prime?
True
Let q be 2 + (4 - (1 - -2)). Suppose q*x = i - 54, 2*i - 2*x = 101 - 9. Suppose -3*s - 4*l = -249, i = s + 3*l - 46. Is s a prime number?
True
Let s be (-3)/3 + 5 - (-9735)/11. Let d(j) = 3*j**3 - 6*j**2 - 3*j. Let z be d(-5). Let i = z + s. Is i a composite number?
False
Let u be ((-148)/(-3))/(4/822). Suppose -2*f = -2*x + u, 0*x - f + 20271 = 4*x. Is 1/(-6) + x/24 a prime number?
True
Suppose -5*l - 2*f = 342, -278 - 80 = 5*l - 2*f. Let y = l + 281. Is (y/5)/((-4)/(-20)) a prime number?
True
Let d(f) = -2*f + 1. Let r be d(-2). Let b(p) = -p**3 + 26*p**2 - 21*p + 82. Let z be b(22). Suppose -1945 = -r*g + 2*k, -2*g - 2*k = 2*g - z. Is g prime?
True
Suppose 0 = k - 3*i - 1298, -k - 5*i - 631 = -1937. Let c = 2560 - k. Is c a composite number?
False
Let s = -41793 - -79172. Is s a prime number?
True
Let g(y) = 32*y**2 + 56*y + 97. Is g(-25) a prime number?
False
Let t(x) = -2429*x + 334. Is t(-7) a prime number?
False
Let f(x) = -2*x**3 + 11*x**2 - 5*x + 4. Let o be f(-8). Suppose o = -81*y + 83*y. Is y prime?
False
Let k = -1169 - -4590. Is k composite?
True
Suppose 3*c = h + 451, c - 4*h + 612 = 5*c. Suppose y - 936 = -5*m, 3*m + 5*y - 415 - c = 0. Is m composite?
True
Let c = 21 + -18. Suppose -16 = -c*w + 5. Suppose 2*b = w*b - 110. Is b prime?
False
Suppose 2*u - 134526 + 53708 = 0. Is u prime?
False
Let w be -4*4/((-24)/(-21)). Is (-2510)/w - (-4)/(-14) prime?
True
Let x(l) = 152*l**2 - 4*l + 4. Let a be x(4). Let j = -1303 + a. Is j a composite number?
False
Suppose -4*r - 10 = 5*y + 4, 5*r = -4*y - 4. Is (-790)/15*9/y a composite number?
False
Suppose 156792 = o + g, 3*o - 3*g + 49935 = 520341. Is o a prime number?
True
Suppose 105*b = 101*b + 3596. Is b composite?
True
Let f(c) = 0*c + 14*c + 3*c**2 - c + 33. Is f(-14) a prime number?
True
Suppose -15112 = -31*l - 1565. Is l a composite number?
True
Let o(j) = 6*j**2 + 1 - 9*j - 18*j + 10*j. Is o(-12) a composite number?
False
Let n = 17497 - -104. Is n composite?
True
Suppose 1131 - 5665 = -2*h. Is h composite?
False
Is (-1 - 2 - (-84)/24)*654 prime?
False
Let x(s) = -s - 1. Let i(k) = 8*k**2 - 9*k - 13. Let o(w) = i(w) - 2*x(w). Is o(10) a prime number?
True
Let f = 1347 + 1952. Is f prime?
True
Let l be (-5)/(-9 - -5 - 3/(-2)). Suppose -3295 = -7*p + l*p. Is p a composite number?
False
Suppose 3*u + 45*v - 23368 = 46*v, -4*v = u - 7785. Is u prime?
True
Let u be (-2)/(-4) + 1832/16. Let q = -75 + u. Let b = -21 + q. Is b a composite number?
False
Let q(w) = w**3 - 5*w**2 - 4*w - 8. Let y be q(6). Is ((-42 - -1) + y)/(-1) a prime number?
True
Suppose 0*j + 42666 = 2*j + 3*b, 2*j - 3*b = 42666. Suppose 2*z + h - 28454 = -2*z, -3*h = -3*z + j. Is z prime?
False
Suppose 914*y - 922*y + 50360 = 0. Is y a composite number?
True
Let t = 23 - 21. Suppose t*o - 434 = 3*o. Let s = -243 - o. Is s prime?
True
Suppose -2*q = -5*q + 6. Let x = 66 + -40. Is (6 + 1)/(q/x) a prime number?
False
Suppose 20 = 2*x + 2*x, 2*x = -5*v + 40840. Is ((-1)/(-1))/(6/v) a prime number?
True
Suppose -4*c = -25290 - 11122. Is c a prime number?
True
Let w be 4 - 0 - (-2 - -1). Let r(s) = -3*s**3 - 10*s**2 - 8*s - 29. Let i be r(-7). Suppose -w*m - i = -2*c - c, 2*m + 2 = 0. Is c a composite number?
True
Suppose 7*f = 3*f + 264. Let i be f/7 + 12/(-28). Is ((-211)/3)/(i/(-27)) a composite number?
False
Suppose -o = -4*v - 20, 2*v = o - v - 16. Suppose o*w = -2*w + 3336. Suppose 2*y - 6*y + w = 0. Is y a prime number?
True
Let y(t) = -53*t - 28. Let x = 64 - 73. Is y(x) a composite number?
False
Suppose 9553 = 2*k - 9157. Is k a composite number?
True
Let v = 186793 + -130182. Is v a prime number?
True
Suppose -1118 = 2*u - 3578. Suppose 7*y = -u + 7768. Is y a composite number?
True
Let q(s) = 11*s - 5. Let g be q(4). Suppose 0 = -5*u + g - 4. Suppose -u*l = -2*l - 325. Is l composite?
True
Let q(i) = 54*i**2 + 1. Let s be (-1)/((0 - -3) + -4). Is q(s) a composite number?
True
Suppose -2*f - 133 = -v + 3*f, -2*f + 466 = 4*v. Suppose -781 + v = -3*c. Is c a prime number?
False
Let l be (2 - 1)/((-9)/(-315)). Suppose 0 = -2*y - l - 5. Is (-2)/y*14*5 composite?
False
Let k(n) = 1